{"id":44,"date":"2018-08-28T00:47:22","date_gmt":"2018-08-28T00:47:22","guid":{"rendered":"http:\/\/www.dunsgathan.net\/feannog\/wp\/?page_id=44"},"modified":"2024-09-15T15:12:18","modified_gmt":"2024-09-15T19:12:18","slug":"the-war-goddesses","status":"publish","type":"page","link":"https:\/\/www.dunsgathan.net\/feannog\/the-war-goddesses\/","title":{"rendered":"The Irish War Goddesses"},"content":{"rendered":"<p style=\"text-align: left;\">by Saigh Lambert\u00a0 <em>and yes, it IS <a href=\"http:\/\/www.templetons.com\/brad\/copymyths.html\">copyrighted<\/a> and is not free for reposting, please link directly instead<\/em><\/p>\n<blockquote><p><a href=\"https:\/\/ko-fi.com\/L4L36CYQB\" target=\"_blank\" rel=\"noopener\"><img style=\"border: 0px; height: 36px;\" src=\"https:\/\/cdn.ko-fi.com\/cdn\/kofi3.png?v=3\" alt=\"Buy Me a Coffee at ko-fi.com\" height=\"36\" border=\"0\" \/><\/a><em>If you find this article helpful, please remember this was work to put together and I have animals to feed and vet<\/em><\/p><\/blockquote>\n<p style=\"text-align: left;\">Several years go I tried to write a short piece on the Morr\u00edgan and Her sisters. Concise does not work well with Them. It ended huge, but created this site to house it.\u00a0 Just as I finished it and had it edited, I came upon a call for submissions for what became\u00a0 <em><a href=\"https:\/\/neosalexandria.org\/bibliotheca-alexandrina\/current-titles\/devotionals\/by-blood-bone-and-blade-a-tribute-to-the-morrigan\/\">By Blood, Bone and\u00a0 Blade: A Tribute to the Morr\u00edgan<\/a><\/em> (Nicole Bonivusto, ed, Asheville, NC: Bibliotheca Alexandrina, 2014) and I submitted it and it was accepted.<\/p>\n<p style=\"text-align: left;\">However, to try to be concise, which is pretty much impossible with these Goddesses:<\/p>\n<p style=\"text-align: left;\">The Morr\u00edgan is one of the most popular Irish Deities.\u00a0 Or at least the title is, often the <img loading=\"lazy\" class=\"alignright wp-image-139 size-full\" src=\"http:\/\/www.dunsgathan.net\/feannog\/wp-content\/uploads\/2018\/08\/Img_4011cr-e1535499861221.jpg\" alt=\"The Morr\u00edgan Statues by Paul Borda of Dryad Designs, LTD. used with permission, do not steal\" width=\"399\" height=\"618\" \/>Goddess described is not remotely similar to the Irish Goddess(es) who bore it originally.<\/p>\n<p style=\"text-align: left;\">There are three directions this takes, one by those who do not follow Her is that She is too bloodthirsty, too evil, too dark, too ______ and no one should ever have anything to do with Her. The other two are the descriptions by followers, one being that,\u00a0 yes, She is Dark,\u00a0 maybe She is a Warrior, She is a strong guardian of women, She helps with &#8220;shadow work,&#8221; She is a psychopomp.\u00a0 The third claim that both the others, as well as the academic evidence of Her as a War Goddess,\u00a0 is maligning a loving, warm, sweet, protective Great Goddess.\u00a0 However, none of these images are reflected in the early Irish evidence we have for Her.<\/p>\n<p style=\"text-align: left;\">When She called me over a quarter century ago, I felt it was clear I needed to learn about the culture in order to properly worship Her. Or I could keep practicing Wicca and pretend to worship Her while deep down knowing She was ignoring me.\u00a0 Ironically, this means that Celtic Reconstructionism, which many mistakenly believe denounces all Unverified Personal Gnosis (UPG), was instigated by UPG. (and UPG is always a part of CR methodology, it&#8217;s just identified as such rather than claimed as lore or tradition).\u00a0 It is an ongoing process to try to see things from the view of a past culture and also see where it fits today, but I believe that this is important if we are to worship the actual Deities of our Pagan past and not reinvent them into what we desire.\u00a0 For many years I felt I was not to speak or write too much about Her or this path. A few years ago, however, I felt a change, felt it was time to share.<\/p>\n<p style=\"text-align: left;\">It&#8217;s impossible to really discuss the Morr\u00edgan, Badb and Macha in a concise way. As I noted when i tired I ended up with &#8220;Musings on the Irish War Goddesses&#8221; which takes up 35 pages in the anthology before getting to the endnotes and bibliography which adds another 26. Please note the following will be short on references, all can be found in more detail in my essay and much of the source material I used is <a href=\"http:\/\/www.dunsgathan.net\/feannog\/books-and-links\/books-academic-papers-and-primary-sources-on-war-goddesses-and-warriors\/\">listed here<\/a> And, yes, I do hope those reading this site might read my essay as well.<\/p>\n<p style=\"text-align: left;\">Let&#8217;s start with, yes, They are War Goddesses in the Irish tradition. They are not &#8220;only&#8221; War Goddesses, because that itself implies a one-dimensional concept of <a href=\"http:\/\/www.dunsgathan.net\/feannog\/the-warrior-path\/\">warriors<\/a>, based far more on modern stereotypes than the reality of early Irish culture. They are completely immersed in chaos, conflict and battle. Other &#8220;aspects\/functions&#8221; all intersect with the Gaelic concepts of warfare. Sovereignty is not about the modern personal concept, but of actual territorial rule, which involves defense and, yes, sometimes invasion. Cattle are as much a reason for war as they are a &#8220;symbol&#8221; of fertility.\u00a0 Prophecy, shape-shifting and magic are tools of the Gaelic warrior.\u00a0 Everything ties in.\u00a0 I&#8217;m not going to insist that everyone must worship them through <em>f\u00e9nnidecht<\/em>, or even through a traditional Gaelic lens, I am not going to dictate to others on that although it certainly what I am called to do and precisely what this project is to recreate. The number and identities of the War Goddesses is often confusing.\u00a0 As I noted, today emphasis is on the name or title &#8220;the Morr\u00edgan,&#8221; with many, especially but not exclusively Pagans, considering the others to be aspects of Her.\u00a0 However, this concept of &#8220;aspects&#8221; is really a modern concept, especially when we try to force it into Robert Graves invention of Maiden\/Mother\/Crone which they do not fit at all.\u00a0 Ascribing Dum\u00e9zil&#8217;s tripartite function system also falls apart. They are sisters, daughters of Ernmas, although we do not know if this was true before Christian clerics tried to gather what were once likely territorial and &#8220;tribal&#8221; Deities together into a extended family.\u00a0 And there are more than three once we look at a more extend family, nieces and &#8220;co-wives,&#8221;. But clearly, They are individuals, for all that &#8220;Morr\u00edgan&#8221; and &#8220;Badb&#8221; are titles which, confusingly, may are assigned differently in various texts.<br \/>\n&#8212;&#8212;&#8212;&#8212;&#8212;&#8212;-<\/p>\n<h2 style=\"text-align: left;\"><em>The Morr\u00edgan<\/em><\/h2>\n<div style=\"text-align: left;\">\n<p>Pro:\u00a0 MOR EE [gh]an;\u00a0 <em>an Morr\u00edgan<\/em> &#8211; an [W\/V]OR EE [gh]an\u00a0 (The &#8220;O&#8221; is short when spelled &#8220;<em>Mor<\/em>&#8221; and only long when spelled &#8220;<em>M\u00f3r<\/em>.&#8221;)\u00a0 In Old Irish lenition is not often spelled out and with some letters can be implied, the &#8220;g&#8221; in such words is never hard, it woudl read as the Middle or Modern Irish &#8220;gh,&#8221; that is is a voiced velar fricative. This is essentially a non-existent thing in Modern English, so think sort of a &#8220;swallowed y&#8221;sound.. so MOR EE yan.\u00a0 Even for those of us not use to it, it&#8217;s an almost natural sound between &#8220;EE&#8221; and &#8220;an&#8221; in this case. Consider that modern Irish &#8220;queen&#8221; is spelled &#8220;<em>r\u00edonn<\/em>.&#8221; When the Irish article is used or when adressing Her, the M is lenited and in Old Irish this is not typically spelled out with &#8220;h:,&#8221; so it becomes\u00a0 nasalized W\/V. Think of &#8220;mh&#8221; as in modern Irish &#8220;<em>Samhain<\/em>&#8220;) *<\/p>\n<p>I noted above that the title of the Morr\u00edgan is the most popular and, therefore, the one which the most misinformation is spread, especially with the help of the internet.\u00a0 The most common misconception is around the meaning of the name\/title as spelled here.\u00a0 &#8220;<em>Morr\u00edgan<\/em>&#8221; is often translated today as &#8220;Great Queen&#8221; which simply does not fit this spelling. &#8220;<em>M\u00f3rr\u00edgan<\/em>&#8221; would be translated as such, but not &#8220;<em>Morr\u00edgan<\/em>.&#8221; The accent marks do mean something. This latter spelling, with &#8220;<em>m\u00f3r<\/em>&#8221; meaning &#8220;great,&#8221; meaning &#8220;big\/large&#8221; not so much importance or grandness. The &#8220;<em>M\u00f3rr\u00edgan<\/em>&#8221; spelling is found primarily in place names and is likely a late folk etymology, and these things associate Her with being extremely large. The manuscripts tend to show that <em>Morr\u00edgan<\/em>, which translates to &#8220;Phantom Queen,&#8221; is the older spelling and fitting with Her attributes.<\/p>\n<p>Therefore, if someone means &#8220;Great Queen&#8221; they could be spelling it with the &#8220;\u00f3.&#8221; rather than the &#8220;o.&#8221; Always.\u00a0 Note most people also pronounce the first syullable with a long &#8220;o&#8221; which also would be in the spelling &#8220;<em>M\u00f3r<\/em>&#8221; while &#8220;<em>Mor<\/em>&#8221; would be short, yet everyone insists on using one spelling and the other pronunciation (the second part is pretty much always wrong) and meaning.<\/p>\n<p>Again,, evidence stands that the &#8220;o&#8221; spelling and &#8220;Phantom&#8221; translation is older and it is the one we focus on in this work, for all the reasons. It is also why I continue to use the Old Irish spelling, as &#8220;<em>Mor<\/em>&#8221; as &#8220;phantom&#8221; appears to be lost in the modern form. For the &#8220;Great Queen&#8221; one could modernize it to &#8220;M\u00f3r Rion,&#8221; however.<\/p>\n<p>The Morr\u00edgan, is one of the most featured Goddesses in the texts and is one who is actually referred to as a Goddess (in <em>Tochmarc Emire<\/em> for example).\u00a0 A Goddess of war, victory and prophecy, She is often confused as being also a Goddess of sex and sovereignty, because She has sex with the Dagda before the <em>Cath Maige Tuired<\/em>\u00a0 (CMT)\u00a0 and offers it to C\u00fa Chulainn in the T<em>\u00e1in B\u00f3 C\u00faalnge (TBC<\/em>). However, neither are bound to be king, although Dagda had formerly been, and it is victory not sovereignty She offers. I believe it&#8217;s clear that when <a href=\"http:\/\/caithream.blogspot.com\/2013\/08\/the-morrigan-and-cu-chulainn-on-saying.html\">She offers this it&#8217;s not always wise to accept, for it a hard won victory is more honorable for a warrior proving themselves. <\/a>The idea that She is a Sex Goddess seems to be due to Her having sex in these cases, but She does not fit this description as there is no evidence that She is concerned with the sex life of others.<\/p>\n<p>She is associated with crows, ravens and other blackbirds, She appears as such as well as a heifer, an eel and a wolf.\u00a0 Based on the last and Her interest in the C\u00fa Chulainn, the Hound, I believe She may have been one of the Deities that the Outlaw war bands may have worshiped (and yes, some of my own experiences, which I wrote about in &#8220;The War Goddess&#8217;s Bitch&#8221;).\u00a0 Her relationship with C\u00fa Chulainn is the best example we have of a relationship between warrior and Patron Deity. It is often a difficult one, often mistaken by modern Pagans as a hostile one. She tests him and <a href=\"http:\/\/caithream.blogspot.com\/2013\/09\/the-morrigan-and-cu-chulainn-pt-2.html\">She berates him, to incite him to greatness<\/a>, and in the end She tries to save him from the death he had chosen when he took up arms for the first time.<\/p>\n<p>The problem remains of just Who is the Morr\u00edgan and it is confusing. The title is associated with three War Goddesses, Badb, Macha and Anand, who are three of six daughters of Ernmas in the <a href=\"http:\/\/www.archive.org\/details\/leborgablare04macauoft\"><em>Lebor Gab\u00e1la \u00c9renn: The Book of the Taking of Ireland<\/em> Vol IV<\/a> (<em>LG\u00c9<\/em>) Here the title &#8220;the Morr\u00edgan&#8221; seems to be most often used along with or in place of &#8220;Anand&#8217;s name, however, it&#8217;s also used for Macha as well and there is one entry which makes Anand and the Morr\u00edgan the third and fourth of three sisters. This latter is likely a transcription error as it makes little sense. However, the confusion in the\u00a0<em>LG\u00c9<\/em>\u00a0itself, along with the fact that the Morr\u00edgan and Badb are conflated at many points in the Ulster Cycle, do hint at the possibility of the title having been used for more than one Goddess. My theory, rather unprovable, is that these all may have been territorial Goddesses who sometimes bore the title for the people in Their territories, turned into a &#8220;family&#8221; by the scribes to try to make some sense of Them while attempting a sense of unity.To confuse things more, &#8220;<em>morr\u00edgna<\/em>&#8221; in the plural and lower case may also refer to a class of female Otherworldy beings that are not quite Goddesses.\u00a0 Let&#8217;s add to this that the same is true of\u00a0 &#8220;badba&#8221; in the plural, which seems to be used for both clearly Otherworldly beings but also witches who may or may not be human or Otherworldly or possibly somewhat both.<\/p>\n<p>When I speak of &#8220;the Morr\u00edgan&#8221; as one of three Goddesses, I am usually thinking of Anand.\u00a0 When singular, it is mostly that I am a mere human and it could be any of them and I am not sure which.\u00a0 I might, however do the same with Badb.<\/p>\n<h3>Anand\/Anann (Ana\/Anu)<\/h3>\n<p>This name is actually often left out completely when the War Goddesses are discussed either in the Pagan community or by academics.\u00a0 Sometimes, just the title &#8220;the Morr\u00edgan&#8221; is used but, oddly, sometimes the name &#8220;Nemain&#8221; is substituted although She is not one of the Daughters of Ernmas, apparently due to confusion about the B\u00e9 N\u00e9it (see below).<\/p>\n<p>Perhaps the problem is that because Anand is often conflated with *Danu or Danand, and *Danu is so commonly thought to be a Great Mother Goddess progenitor and this becomes uncomfortable for some.\u00a0 While there is also a Danand who is clearly a different being among the <em>TDD<\/em> in both the <em>CMT<\/em> and the <em>Cath Maige Tuired Cunga<\/em>, the connection is made in the\u00a0<em>LG\u00c9<\/em> IV. There one entry describes the Morr\u00edgan as being Anand and to having given Her name, Danand, to the <em>Tuatha D\u00e9 Danann<\/em> (<em>TDD<\/em>) through Her sons. (<em>LG\u00c9<\/em> IV, pg. 128, 129)\u00a0 However, this doesn&#8217;t mean She is the progenitor of the <em>TDD<\/em>, only that They were named for Her.\u00a0 The NeoPagan &#8220;tradition&#8221; of *Danu as a Primal Great Mother was well questioned in Alexei Kondratiev&#8217;s , \u201c<a href=\"http:\/\/www.mythicalireland.com\/mythology\/tuathade\/danubile.html\">Danu and Bile: The Primordial Parents?<\/a>\u201d\u00a0 and more on the history can be found found in John Carey&#8217;s \u201cThe Name \u2018<em>Tuatha D\u00e9 Danann<\/em>\u2019&#8221; <em>\u00c9igse<\/em>, Vol. 18, prt. 2, pg. 291-94.<\/p>\n<p>Therefore, I find the evidence for Anand being the Morr\u00edgan, or one of the Morr\u00edgna, is strong while Danand is also a separate Goddess of Magic within the <em>TDD<\/em>.\u00a0 But neither are &#8220;Primal Great Mother of the <em>TDD<\/em>,&#8221; as there is no such Primal Great Mother.<\/p>\n<h3>Badb<\/h3>\n<p>Pro: BADHV\u00a0 a more modern pronunciation is BIVE *<\/p>\n<p>It is translated as &#8220;scald crow&#8221; or &#8220;hooded crow&#8221; and is also, when used in lower case, can mean &#8220;witch&#8221; or &#8220;battle demon.&#8221;\u00a0 The name is often used interchangeably with the Morr\u00edgan in the <em>CMT<\/em>\u00a0 and the <em>TBC<\/em>. To add to more confusion, in <em>Compert Con Culainn<\/em> the name is used for Cailit\u00edn\u2019s daughters, who have no relationship to the daughters of Ernmas, as well as there being a reference to a Washer at the Ford who is called Badb&#8217;s Daughter.\u00a0 This is one reason many people mistakenly believe that &#8220;the Morr\u00edgan&#8221; fed C\u00fa Chulainn dog meat and brought about his death, that was Cailit\u00edn\u2019s daughters who were seeking vengeance for their father&#8217;s death in the <em>TBC<\/em>.\u00a0 Badb&#8217;s Daughter&#8217;s identity is less problematic, but it&#8217;s still debatable as to whether this is a unique relative, that is Badb&#8217;s daughter and Anand and Macha&#8217;s niece, or if it is meant to be the Morr\u00edgan who surely did mourn his death.<\/p>\n<h3>Macha<\/h3>\n<p>Pro\u00a0ma [ch]a\u00a0 (\u201cch\u201d as \u201cloch\u201d \u201ca\u201d as in \u201csofa\u201d) *<\/p>\n<p>The name means &#8220;pasture&#8221; possibly specifically a &#8220;enclosure to feed cattle&#8221;\u00a0 This name is used for at least five different individuals, although many scholars and Pagans will insist there are only three, perhaps because &#8220;we all know everything Celtic comes in threes&#8221;&#8230;except when it doesn&#8217;t&#8230;and as we shall, see five is perhaps the most likely alternative).\u00a0 One is the daughter of Ernmas, who is at one entry in the <em>LG\u00c9<\/em> is identified as the Morr\u00edgan. The others are Macha daughter of Parthol\u00f3n,\u00a0 Macha wife of Nemed, Macha Monruadh (who I discuss in &#8220;&#8216;By Force in the Battlefield&#8217;: Finding the Irish Female Hero&#8221; in the first issue of <a href=\"http:\/\/ciannai2.wixsite.com\/air-n-aithesc\"><em>Air n-Aithesc<\/em><\/a>) and\u00a0 Macha ingen Sainrith meic Inboith (who is associated with horses as noted in <a href=\"http:\/\/www.dunsgathan.net\/feannog\/ana\/warriors-for-the-horse-goddess\/\">Warriors for the Horse Goddess<\/a>).\u00a0 I tend to not think that they are all the daughters of Ernmas, although they may reflect Her however, there are many varying opinions on their relationship to each other.<\/p>\n<\/div>\n<p>Those being the Three Daughters of Ernmas, there are other designations and names of War Goddesses which are related, interchanged and confused.<\/p>\n<div style=\"text-align: left;\">\n<h2><em>B\u00e9 N\u00e9it<\/em><\/h2>\n<p>Pro:\u00a0 BAY NADE (&#8220;n&#8221; is nasalzied,\u00a0 rhymes with &#8220;made&#8221;)\u00a0 ***<\/p>\n<p>The &#8220;Wives of the (War God) N\u00e9it,&#8221; or possibly &#8220;the women of war.&#8221;\u00a0 While the Morr\u00edgna are usually noted as three sisters, in this case They are a pair. Perhaps N\u00e9it could be seen as the third, although usually He is not always actually there. There may be one wife or two, and the names vary and they may be some combination of Badb, the Morr\u00edgan, Nemain or Fea.\u00a0 There is some possibility that Nuada is a variation and therefore Macha would also be such a wife, as They &#8220;die&#8221; together in the CMT not unlike how Badb and Nemain &#8220;die&#8221; with N\u00e9it at Ailech in the <em>LG\u00c9<\/em>.<\/p>\n<h3>Nemain<\/h3>\n<p>Pro: NE ven\u00a0\u00a0 (again the\u00a0 &#8220;m&#8221; is is\u00a0 nasalized &#8220;v&#8221;) ***<\/p>\n<p>The name is something like &#8220;warlike fury.&#8221;\u00a0 As already noted, She is often used to replace Anand but is actually not in any of the material as a Daughter of Ernmas, but is listed as Their niece in one genealogy.\u00a0 She is sometimes one of the <em>B\u00e9 N\u00e9it<\/em>, usually with Fea or Badb and in this latter combination They shriek over the troops in the <em>TBC<\/em>. It is perhaps due to the way <a href=\"http:\/\/www.archive.org\/details\/revueceltique01gaid\" rel=\"tag\">WM Hennessey<\/a> used &#8220;Badb&#8221; as the encompassing title of the three daughters of Ernmas, rather than the Morr\u00edgan, and the frequent combination of Badb Nemain that created decades of the name &#8220;Nemain&#8221; being used to replace &#8220;Anand&#8221; by academics which is still done in both academics and the Pagan Community.\u00a0 However, I\u00a0 feel the best evidence is for Her being a fourth War Goddess. Of course, if this is a territorial\u00a0 Goddess issue, then Her people may have called Her their &#8220;Phantom Queen.&#8221;<\/p>\n<h3>Fea<\/h3>\n<p>FA (a as in &#8220;father&#8221; the &#8220;e&#8221; is not pronounced and serves as a &#8220;glide vowel&#8221; between the &#8220;f&#8221; and the broad &#8220;a&#8221;) **<\/p>\n<p>The meaning is likely &#8220;woe.&#8221; Again, a niece in the genealogy and one of the B\u00e9 N\u00e9it. It may also be that this is another name for Badb, however, I feel She a fifth War Goddess, again possibly the Morr\u00edgan of yet another area.<\/p>\n<\/div>\n<p style=\"text-align: left;\">I do realize that this may not make anything clearer, in fact it may likely muddied things up for many. All I can say is, welcome to my world.\u00a0 Confusion is a part of dealing with the War Goddesses, after all.<\/p>\n<hr \/>\n<p style=\"text-align: left;\">Credit: Some pronunciations were put together by me with the help of *Caera Aislingeach, some with the help of **<span id=\"cch_f3b46e962319b98\" class=\"_mh6 _wsc\"><span class=\"_3oh- _58nk\">Carly McNamara (via Maya StClair)<\/span><\/span> who also verified no hard &#8220;g&#8221; in middle of OI words, others gleaned\u00a0 from Sengo\u00eddelc Old Irish for Beginners by David Stifter, A First Old Irish Grammar and Reader by Kim McCone and the excellent and highly recommended pronunciation guide in ***Ireland&#8217;s Immortals: A History of the Gods of Irish Myth by Mark Williams. All mistakes are my own&#8230;.learning always.<\/p>\n<p style=\"text-align: left;\"><img loading=\"lazy\" class=\"aligncenter wp-image-52 size-full\" src=\"http:\/\/www.dunsgathan.net\/feannog\/wp-content\/uploads\/2018\/08\/wolfrsm.jpg\" alt=\"Wolf based on Newbigging Leslie stone sketch copyright \u00a9 2002 Aaron Miller\" width=\"145\" height=\"110\" \/><\/p>\n<p style=\"text-align: left;\">copyright \u00a9 2015, 2017 Saigh Lambert<\/p>\n","protected":false},"excerpt":{"rendered":"<p>by Saigh Lambert\u00a0 and yes, it IS copyrighted and is not free for reposting, please link directly instead If you find this article helpful, please remember this was work to put together and I have animals to feed and vet Several years go I tried to write a short piece on the Morr\u00edgan and Her [&hellip;]<\/p>\n","protected":false},"author":1,"featured_media":0,"parent":0,"menu_order":0,"comment_status":"closed","ping_status":"closed","template":"","meta":{"spay_email":""},"jetpack_sharing_enabled":true,"jetpack_shortlink":"https:\/\/wp.me\/Pad6Py-I","_links":{"self":[{"href":"https:\/\/www.dunsgathan.net\/feannog\/wp-json\/wp\/v2\/pages\/44"}],"collection":[{"href":"https:\/\/www.dunsgathan.net\/feannog\/wp-json\/wp\/v2\/pages"}],"about":[{"href":"https:\/\/www.dunsgathan.net\/feannog\/wp-json\/wp\/v2\/types\/page"}],"author":[{"embeddable":true,"href":"https:\/\/www.dunsgathan.net\/feannog\/wp-json\/wp\/v2\/users\/1"}],"replies":[{"embeddable":true,"href":"https:\/\/www.dunsgathan.net\/feannog\/wp-json\/wp\/v2\/comments?post=44"}],"version-history":[{"count":10,"href":"https:\/\/www.dunsgathan.net\/feannog\/wp-json\/wp\/v2\/pages\/44\/revisions"}],"predecessor-version":[{"id":1279,"href":"https:\/\/www.dunsgathan.net\/feannog\/wp-json\/wp\/v2\/pages\/44\/revisions\/1279"}],"wp:attachment":[{"href":"https:\/\/www.dunsgathan.net\/feannog\/wp-json\/wp\/v2\/media?parent=44"}],"curies":[{"name":"wp","href":"https:\/\/api.w.org\/{rel}","templated":true}]}}